 p = -645 - -34. Let j = -194 - p. What is the hundreds digit of j?
4
Let m = -310 + 310. Suppose -2393 = 34*p - 38*p - 3*r, m = -4*p + 5*r + 2401. What is the tens digit of p?
9
Let y(k) = -2*k**2 - 10*k - 6. Let x be y(-5). What is the hundreds digit of (-60)/45 - 1670/x?
2
What is the tens digit of 3/(3/502512*16)?
0
Let c(g) = 26856*g - 75. What is the ten thousands digit of c(1)?
2
Suppose 44280 = 2*z + 33*h - 41*h, z - 22092 = -2*h. What is the thousands digit of z?
2
Suppose -18*u - 27 = -1647. What is the tens digit of -15*12/u*3 - -1839?
3
Let s = 16318 - -23646. What is the tens digit of s?
6
Suppose 2*b - 2415 = -x, -4*b + 4*x - 294 = -5094. What is the thousands digit of b?
1
Let f = -1736 + 6554. What is the tens digit of f?
1
Suppose -101*p = -149*p + 48. What is the units digit of p?
1
Suppose 3*j = 2*g - 5 - 5, -5*g + 5*j + 20 = 0. Suppose -w + 5*d - 201 = -2*w, -4*d = g*w - 402. What is the units digit of w?
1
Let z(g) = -50 + 3*g**2 + 4*g - 8*g + 54. Let k be z(1). Suppose -h - 6 = -10, 4*r + k*h = 388. What is the tens digit of r?
9
Suppose 5*k - f = -0*f + 38, k + 4*f - 16 = 0. Let t be ((-2)/k + 0)/((-1)/8). Suppose 195 = h + 5*l, 3*h - t*l + 117 = 668. What is the hundreds digit of h?
1
Suppose -5*o + 228 = 33*o. What is the hundreds digit of 869 + (5 - 7 - o)?
8
Suppose -42*n + 45*n + 3*z = 136368, -136374 = -3*n - z. What is the units digit of n?
9
Let w(y) = -8876*y + 7187. What is the thousands digit of w(-4)?
2
Suppose -4*v - 53 = 7. Let f = -31 - v. Let y(j) = j**2 + 14*j - 1. What is the tens digit of y(f)?
3
Suppose t = 0, 4*t = -3*l - 0*t. Suppose p - 1063 = -l*s + 4*s, 4*p + 2*s = 4180. What is the tens digit of p?
4
Let p(d) = 122*d**2 + 47*d - 234. What is the hundreds digit of p(8)?
9
Suppose 0 = 4*d - 3*t - 27, 6*d - 2*d - 2*t = 22. Suppose -7 = -d*z - 4. What is the units digit of ((-8)/4*-61)/(1/z)?
2
Let u(b) = 9*b**3 + 6*b**2 - 6*b - 4. Let g = 41 + -36. Suppose 3*c = 0, 0 = -0*k - g*k + 3*c + 15. What is the hundreds digit of u(k)?
2
Let j = 19323 + -12440. What is the hundreds digit of j?
8
Let x(y) = 90*y**2 + 8*y + 14. Let r = -136 - -134. What is the units digit of x(r)?
8
Let c = 510 - 507. What is the thousands digit of ((-1)/c)/((-2)/7212)?
1
Let l be (-9142)/(-28)*4/(-2). Let b = 926 + l. What is the tens digit of b?
7
Let n be (-104)/(-40)*(0 + 5). Let o be 36/(-60) + n/5. Suppose 0*i + 281 = 3*h + o*i, 3*i = 3*h - 291. What is the tens digit of h?
9
Suppose 252*f = 220*f + 165760. What is the tens digit of f?
8
Let h(j) be the third derivative of -5/24*j**4 + 1/12*j**5 + 0 + 0*j - 9*j**2 - j**3. What is the units digit of h(4)?
4
What is the thousands digit of (-30)/120 - 336636/(-48)?
7
Let c(b) = -29*b + 51. Let h be c(-25). Suppose 4*v - h = -3*g, 6*v = g + 3*v - 276. What is the hundreds digit of g?
2
Suppose -5*b - 142 = -157. What is the units digit of (-49 + 2)/(b/(-6))?
4
What is the units digit of (-3 + (-35)/25)/((-2)/6685)?
7
Let r = -18667 + 26440. What is the tens digit of r?
7
Suppose 6304 = 4*d - 6496. What is the tens digit of d?
0
Let t(b) = b**3 + 2*b**2 - 9*b + 2. Let u be t(-4). Suppose 11*w - u = 27. Suppose -g + 5*g = -5*m + 126, 2*m = w*g - 106. What is the units digit of g?
4
Let a = 10954 + -6538. Suppose a = 16*j + 1312. What is the tens digit of j?
9
Suppose -1912294 = 321*f + 593191 - 14411696. What is the ten thousands digit of f?
3
What is the hundreds digit of (-22663395)/(-1840) + 1/(-16)?
3
Suppose 3*a - 3342 = 5*r + 81, -3 = -r. Suppose 2*u - a = -z, 4*u - 573 = 3*u + 3*z. What is the units digit of u?
3
Let r = 108 - 104. Suppose 0 = r*i - 5*i + 5*m + 309, m + 1198 = 4*i. What is the tens digit of i?
9
Let n be -70 - -3*(-10)/(-12)*2. Let u = n + 503. What is the units digit of u?
8
Let v = -21 + 30. Let m(j) = j**3 - 8*j**2 + 12*j + 17. What is the units digit of m(v)?
6
Let d(w) = -w**3 + 23*w**2 - 37*w + 42. What is the units digit of d(18)?
6
Let d be ((-76)/(-114))/(4/5598). Suppose -2*k + k = 3*s - d, -s - 1 = 0. What is the units digit of k?
6
What is the tens digit of 0 - ((4 - 6) + -12717)?
1
Let p(g) = 190*g**2 - 10*g + 22. Let n be p(2). Let f = -283 + n. What is the units digit of f?
9
Let d(t) = t**3 + 14*t**2 - 14*t + 17. Let m be d(-15). Let h be 2/m*(-3 - (5 + -8)). Suppose -5*n + 352 + 283 = h. What is the hundreds digit of n?
1
Let n be 24*17*((-40)/6)/(-2). Let x = 1992 - n. What is the tens digit of x/12*12/8?
7
Suppose -2*q + 230 = 22. Suppose 2*y - 2*l - 566 = 0, 375 = y + 2*l + q. What is the units digit of y?
9
Suppose 1895 = 3*j + 3*v - 27322, 3*j - 5*v = 29233. What is the units digit of j?
1
Let u(n) = -n**2 - 17*n - 13. Let p be u(-16). Suppose 6 = -p*d + 6*d. Suppose 2*l + 8 = 0, 0*h - d*l + 163 = 3*h. What is the tens digit of h?
5
Let u = 7279 - -12125. What is the tens digit of u?
0
Suppose 0 = -20*k - 172*k + 45504. What is the hundreds digit of k?
2
Let k = -11 - -16. Suppose -139 = -k*l - 139. Suppose n + 5*n - 582 = l. What is the units digit of n?
7
Let m(n) = -3*n**3 - 19*n**2 - 4*n + 6. Suppose -11*v = -5*r - 6*v - 45, r + 7 = -v. What is the tens digit of m(r)?
5
What is the thousands digit of -462*6408/(-48) + 6?
1
Suppose -4*f - 60*x + 112198 = -65*x, 84150 = 3*f - 4*x. What is the ten thousands digit of f?
2
Suppose -2*n - 3*u + 12 = 0, 3*u - 6*u - 30 = -5*n. Let r = -8 + 12. Suppose -v - 11 = -2*y, 28 = r*y - n*v + 2*v. What is the units digit of y?
4
Suppose -4*z - 16 = 0, 5*z + 82 = 5*c + 2*z. Suppose -1 = -15*a + c. What is the units digit of 6648/40 + a/(-5)?
6
Let f = -6809 - -16122. What is the tens digit of f?
1
What is the tens digit of ((-36)/(-48)*461)/((-3)/(-1416)*6)?
9
Let v = -129 - -193. Let m = v + -61. Suppose -4*q + 1 = w, m*q + 69 = 5*w + 7*q. What is the tens digit of w?
1
Let l(h) = h + 13. Let r be l(11). Let t be ((-15)/(-4))/(5/240). What is the units digit of t/(-1)*r/(-60)?
2
Suppose 0 = -6*y + 17*y + 121. What is the tens digit of (645/12)/(y/(-44))?
1
Let i(g) = 437*g**2 + 36*g - 146. What is the tens digit of i(9)?
7
Let t = 330 + -153. Suppose 0 = -3*l + t + 60. What is the units digit of l?
9
Let m(u) = 2*u**3 + 116*u**2 + 82*u + 77. What is the units digit of m(-55)?
7
Let o = 52107 - 31193. What is the hundreds digit of o?
9
Suppose -4*g + 24 = 0, 5*l = -g + 73171 + 25380. What is the ten thousands digit of l?
1
Let y(a) = -30*a**2 - a + 11. Suppose -20 = -6*m + m. Let w be y(m). What is the units digit of (-1 - -2)/((-11)/w)?
3
Let k be 1072/96 - -2*(-1)/12. Suppose -6*h + k*h - 40 = 0. Suppose h - 24 = -4*q. What is the units digit of q?
4
Let i be (-1 - -5)*-1 + -65. Let g = i - -102. What is the tens digit of 3*(1 - g*8/(-36))?
2
Suppose 0 = -7*h + 5*h + 438. Suppose -4*v = -2*w - 1270, -2*w = -4 - 2. Let k = v - h. What is the units digit of k?
0
Suppose 0 = 8722*d - 8710*d - 64308. What is the units digit of d?
9
Suppose s - 6 = -j - 29, 2*j = 3*s - 66. Let r(q) = -q**3 - 24*q**2 + 47*q - 3. What is the units digit of r(j)?
5
Suppose 6*g + 0 = 12. Suppose -4*r = a - g*r - 886, -5*a - 4*r = -4448. Suppose -284 + a = 8*d. What is the units digit of d?
6
Let p = -238 - -439. Suppose 3*y = 5*l + 522 + 59, 0 = y + 2*l - p. What is the hundreds digit of y?
1
Let d(x) = x**3 - 5*x + 20*x**2 + 61*x - 5*x**2 - 44 + 12*x**2. What is the tens digit of d(-24)?
4
Suppose -h - 5*w - 158 = 0, -4*h - 517 = 5*w - 8*w. Suppose 7*x - 1307 = 485. Let i = h + x. What is the hundreds digit of i?
1
Suppose -4323089 - 1902823 = -231*i. What is the units digit of i?
2
Let h = 67547 - 18623. What is the tens digit of h?
2
Suppose 5*m - 50 = 5*y, -m = 3*y + 10 - 0. Suppose 0 = m*p - 3*d - 1850, -d - 724 = -2*p - 3*d. What is the hundreds digit of p?
3
Let u(r) = r**2 + 10*r + 2. Suppose -d + 2*w = -9, 1 = 2*w - 1. Suppose -1 = -g - d. What is the units digit of u(g)?
2
Let x = -33402 + 49561. What is the thousands digit of x?
6
Let h = -293 - -49. Let a = 515 + h. What is the tens digit of a?
7
Suppose 29*s = -y + 33*s + 57411, 0 = -y - 2*s + 57393. What is the thousands digit of y?
7
Suppose 502561 + 1205899 = 158*i - 28*i. What is the ten thousands digit of i?
1
Suppose 7*v = -0*v + 21. Suppose -u = y - 670, 0 = -8*y + v*y - 3*u + 3344. What is the tens digit of y?
6
Suppose -6*c - 13884 = -8*c + 